{"id":307,"date":"2014-06-08T17:27:19","date_gmt":"2014-06-08T17:27:19","guid":{"rendered":"http:\/\/bellaselva.it\/1\/?page_id=307"},"modified":"2021-08-28T17:17:08","modified_gmt":"2021-08-28T15:17:08","slug":"gnocchi-di-selva-di-trissino-de-co","status":"publish","type":"page","link":"https:\/\/bellaselva.it\/1\/gnocchi-di-selva-di-trissino-de-co\/","title":{"rendered":"Gnocchi di Selva di Trissino (DE.CO)"},"content":{"rendered":"\n<div class=\"wp-block-image\"><figure class=\"alignleft\"><img loading=\"lazy\" decoding=\"async\" width=\"92\" height=\"90\" src=\"http:\/\/bellaselva.it\/1\/wp-content\/uploads\/2014\/06\/gnocchi-selva-de-co-piatto901.png\" alt=\"gnocchi-selva-de-co-piatto90\" class=\"wp-image-308\"\/><\/figure><\/div>\n\n\n\n<p>Sul versante meridionale dal monte Faldo, si trova Selva, localit\u00e0 del comune di Trissino che gi\u00e0 che le cronache medievali descrivono suddivisa in 36 poderi e che nel Cinquecento l\u2019umanista Gian Giorgio Trissino decantava per via di un vino bianco ivi prodotto, detto Senese, sottolineando che papa Paolo III apprezzava riceverne regolare omaggio. Collocata sulla principale via d\u2019accesso alla montagna, Selva si propone oggi come portabandiera delle sue produzioni tipiche, a partire dalla patata, che ha il suo momento d\u2019oro nella Festa del Gnocco, a met\u00e0 settembre, registrando fino a 25mila presenze. La ricetta per la preparazione degli gnocchi non ha particolari segreti e dunque la loro eccezionalit\u00e0 si deve tutta al prodotto locale: per quattro persone serve un chilo di patate, con l\u2019accorgimento di sceglierle non solo di variet\u00e0 pi\u00f9 farinosa ma anche del raccolto meno recente, affinate da almeno sei mesi di riposo nei sacchi. Ingredienti complementari sono 250 grammi di farina bianca e un uovo, \u2013 tenendo presente che queste quantit\u00e0 vanno sempre regolate a occhio, sulla reale consistenza dell\u2019impasto, \u2013 pi\u00f9 quanto basta di noce moscata e sale. Le patate vanno lessate con la buccia, quindi pelate e passate ancora calde; raffreddata la polpa, si procede all\u2019impasto e quindi alla formazione dei rotolini dai quali tagliare quei tocchetti che con un passaggio di forchetta o sul dorso di una grattugia prenderanno il tipico aspetto degli gnocchi. Poi \u00e8 solo questione di una rapida bollitura, finch\u00e9 non vengono a galla, e di condimento, segnalando che alla Festa del Gnocco la lista \u00e8 lunga: burro e salvia, pomodoro, rag\u00f9 di carne, rag\u00f9 d\u2019anatra, rag\u00f9 di cinghiale, funghi porcini, tartufo, quattro formaggi, radicchio e salsiccia, mascarpone e peperoni, amatriciana piccante.<\/p>\n\n\n\n<p><strong>DOVE TROVARE E DEGUSTARE GLI GNOCCHI DE.CO.:<\/strong><\/p>\n\n\n\n<figure class=\"wp-block-table aligncenter is-style-regular\"><table class=\"has-fixed-layout\"><tbody><tr><td><strong>GASTRONOMIA &#8220;NINFA&#8221;<\/strong><\/td><td>P.zza Mazzini, 17 &#8211; Tel. 0445.491877 &#8211; 36070 TRISSINO (VI)<\/td><\/tr><tr><td><strong>FESTA DEL GNOCCO<\/strong><\/td><td>www.festadelgnocco.it &#8211; Tel. 0445.962017 &#8211; 36070 Selva di Trissino (VI)<\/td><\/tr><tr><td><strong>RISTORANTE &#8220;DA COSTA&#8221;<\/strong><\/td><td>Via Pellizzari, 2 &#8211; Tel. 0445.960295 &#8211; 36070 Selva di Trissino (VI)<\/td><\/tr><tr><td><strong>LOCANDA &#8220;PERINELLA&#8221;<\/strong><\/td><td>Via Bregonza, 19 &#8211; Tel. 0445.947688 &#8211; 36070 BROGLIANO (VI)<\/td><\/tr><tr><td><strong>RISTORANTE &#8220;ALLA CAMPAGNA&#8221;<\/strong><\/td><td>Via Pranovi, 52 &#8211; Tel. 0445.962215 &#8211; 36070 TRISSINO (VI)<\/td><\/tr><tr><td><strong>AGRITURISMO &#8220;VALDIBARCO&#8221;<\/strong><\/td><td>Via Val di Barco, 9 &#8211; Tel. 0445.440299 \/ 940141 36070 CASTELGOMBERTO (VI)<\/td><\/tr><tr><td><strong>AGRITURISMO &#8220;LE POSCOLE&#8221; AL CANTON<\/strong><\/td><td>Via Strada Comunale Canton, 17 &#8211; Tel. 0445.940695 &#8211; 36070 CASTELGOMBERTO (VI)<\/td><\/tr><tr><td><strong>TRATTORIA &#8220;DUE MORI&#8221;<\/strong><\/td><td>Via Rigobello, 39 Tel. 0445.511611 &#8211; 36030 SAN VITO DI LEGUZZANO (VI)<\/td><\/tr><tr><td><strong>LOCANDA &#8220;ANTICO BRACIERE&#8221;<\/strong><\/td><td>Via Stradetta S. Antonio, 6 &#8211; Tel. 0445.226006 &#8211; 36070 TRISSINO (VI)<\/td><\/tr><tr><td><strong>ALBERGO &#8220;ALPESTRE&#8221;<\/strong><\/td><td>C\/da Lago, 25 &#8211; Castelvecchio &#8211; Tel. 0445.970082 &#8211; 36078 Valdagno (VI)<\/td><\/tr><tr><td><strong>AZIENDA AGRICOLA &#8220;LA PRIMULA&#8221;<\/strong><\/td><td>Via Povoleri, 17\/b &#8211; Tel. 338.2577276 &#8211; 36070 NOGAROLE VIC.NO (VI)<\/td><\/tr><tr><td><strong>RIFUGIO &#8220;MONTEFALDO&#8221;<\/strong><\/td><td>Via Monte Faldo, 17 &#8211; Tel. 0444.1270189 oppure\u00a0331 9002627 &#8211; 36070 NOGAROLE VIC.NO (VI)<\/td><\/tr><tr><td><strong>RISTORANTE &#8220;AL TORCIO&#8221;<\/strong><\/td><td>Via G. Leopardi, 5 &#8211; Tel.0444.624665 &#8211; 36072 CHIAMPO<\/td><\/tr><\/tbody><\/table><figcaption>Agg. 28-08-2021<\/figcaption><\/figure>\n\n\n\n<p><a title=\"Il sito della Festa del Gnocco a Selva di Trissino\" href=\"http:\/\/www.festadelgnocco.it\/\" target=\"_blank\" rel=\"noopener noreferrer\"> www.festadelgnocco.it<\/a><\/p>\n\n\n\n<div class=\"wp-block-image\"><figure class=\"alignleft\"><a href=\"http:\/\/bellaselva.it\/1\/wp-content\/uploads\/2014\/06\/DISCIPLINARE-DECO-GNOCCHI-SELVA.pdf\" target=\"_blank\" rel=\"noopener noreferrer\"><img loading=\"lazy\" decoding=\"async\" width=\"50\" height=\"53\" src=\"http:\/\/bellaselva.it\/1\/wp-content\/uploads\/2014\/06\/download-e1402247914741.png\" alt=\"download\" class=\"wp-image-309\"\/><\/a><\/figure><\/div>\n\n\n\n<p>&nbsp;<a title=\"Disciplinare Gnocchi di Selva DE.CO.\" href=\"http:\/\/bellaselva.it\/1\/wp-content\/uploads\/2014\/06\/DISCIPLINARE-DECO-GNOCCHI-SELVA.pdf\" target=\"_blank\" rel=\"noopener noreferrer\">Disciplinare Gnocchi di Selva DE.CO. <\/a><\/p>\n\n\n\n<blockquote class=\"wp-block-quote is-layout-flow wp-block-quote-is-layout-flow\"><p>E&#8217; riservato a chi intende, produrre per vendere o per servirli direttamente dalla ristorazione e deve iscriversi presso il comune di Trissino per poter esporre il logo e pubblicizzare il tutto<\/p><\/blockquote>\n\n\n\n<div class=\"wp-block-image\"><figure class=\"alignleft\"><a href=\"http:\/\/bellaselva.it\/1\/wp-content\/uploads\/2014\/06\/ricetta_ufficiale_gnocchi_di_selva.pdf\" target=\"_blank\" rel=\"noopener noreferrer\"><img loading=\"lazy\" decoding=\"async\" width=\"50\" height=\"53\" src=\"http:\/\/bellaselva.it\/1\/wp-content\/uploads\/2014\/06\/download-e1402247914741.png\" alt=\"download\" class=\"wp-image-309\"\/><\/a><\/figure><\/div>\n\n\n\n<p> <a title=\"Ricetta Gnocchi di Selva DE.CO.\" href=\"http:\/\/bellaselva.it\/1\/wp-content\/uploads\/2014\/06\/ricetta_ufficiale_gnocchi_di_selva.pdf\" target=\"_blank\" rel=\"noopener noreferrer\">La Ricetta per fare i Gnocchi di Selva DE.CO.<\/a><\/p>\n\n\n\n<p><img loading=\"lazy\" decoding=\"async\" class=\"alignnone size-full wp-image-308\" src=\"http:\/\/bellaselva.it\/1\/wp-content\/uploads\/2014\/06\/gnocchi-selva-de-co-piatto901.png\" alt=\"gnocchi-selva-de-co-piatto90\" width=\"92\" height=\"90\"> Con le <a title=\"Patate Monte Faldo DE.CO.\" href=\"http:\/\/www.comunideco.it\/trissino\/la-patata-di-monte-faldo.html\" target=\"_blank\" rel=\"noopener noreferrer\">Patate Monte Faldo DE.CO<\/a><\/p>\n\n\n\n<hr class=\"wp-block-separator\"\/>\n\n\n\n<div class=\"wp-block-image\"><figure class=\"alignleft\"><a href=\"http:\/\/www.gamberorosso.it\/index.php?option=com_k2&amp;view=item&amp;id=181686:gnocchi-di-patate-antica-maniera&amp;lang=it&amp;Itemid=6\"><img loading=\"lazy\" decoding=\"async\" width=\"250\" height=\"78\" src=\"http:\/\/bellaselva.it\/1\/wp-content\/uploads\/2014\/06\/logo_gambero_rosso.jpg\" alt=\"logo_gambero_rosso\" class=\"wp-image-319\"\/><\/a><\/figure><\/div>\n\n\n\n<p><a title=\"Ricetta Gnocci del Gambero Rosso\" href=\"http:\/\/www.gamberorosso.it\/index.php?option=com_k2&amp;view=item&amp;id=181686:gnocchi-di-patate-antica-maniera&amp;lang=it&amp;Itemid=6\" target=\"_blank\" rel=\"noopener noreferrer\">Una ricetta per cucinare gli gnocchi di patate (dal Gambero Rosso ) <\/a><\/p>\n","protected":false},"excerpt":{"rendered":"<p>Sul versante meridionale dal monte Faldo, si trova Selva, localit\u00e0 del comune di Trissino che gi\u00e0 che le cronache medievali descrivono suddivisa in 36 poderi e che nel Cinquecento l\u2019umanista Gian Giorgio Trissino decantava&#46;&#46;&#46;<\/p>\n","protected":false},"author":1,"featured_media":0,"parent":0,"menu_order":0,"comment_status":"closed","ping_status":"open","template":"","meta":{"ngg_post_thumbnail":0,"footnotes":""},"class_list":["post-307","page","type-page","status-publish","hentry"],"_links":{"self":[{"href":"https:\/\/bellaselva.it\/1\/wp-json\/wp\/v2\/pages\/307","targetHints":{"allow":["GET"]}}],"collection":[{"href":"https:\/\/bellaselva.it\/1\/wp-json\/wp\/v2\/pages"}],"about":[{"href":"https:\/\/bellaselva.it\/1\/wp-json\/wp\/v2\/types\/page"}],"author":[{"embeddable":true,"href":"https:\/\/bellaselva.it\/1\/wp-json\/wp\/v2\/users\/1"}],"replies":[{"embeddable":true,"href":"https:\/\/bellaselva.it\/1\/wp-json\/wp\/v2\/comments?post=307"}],"version-history":[{"count":30,"href":"https:\/\/bellaselva.it\/1\/wp-json\/wp\/v2\/pages\/307\/revisions"}],"predecessor-version":[{"id":1902,"href":"https:\/\/bellaselva.it\/1\/wp-json\/wp\/v2\/pages\/307\/revisions\/1902"}],"wp:attachment":[{"href":"https:\/\/bellaselva.it\/1\/wp-json\/wp\/v2\/media?parent=307"}],"curies":[{"name":"wp","href":"https:\/\/api.w.org\/{rel}","templated":true}]}}